3
What is the highest common factor of 1274 and 338?
26
What is the greatest common divisor of 148 and 1133791?
37
Calculate the highest common divisor of 38790 and 126.
18
Calculate the greatest common divisor of 1771 and 847.
77
What is the highest common factor of 20500 and 11500?
500
Calculate the greatest common factor of 873 and 3107686.
97
What is the greatest common divisor of 1489 and 67?
1
What is the greatest common divisor of 145 and 87232?
29
What is the greatest common divisor of 17 and 4654787?
17
What is the highest common divisor of 75 and 138345?
15
Calculate the greatest common factor of 819 and 834379.
91
What is the greatest common divisor of 13157 and 113507?
223
What is the greatest common divisor of 7385 and 8120?
35
Calculate the highest common factor of 569654 and 82.
82
What is the greatest common divisor of 14 and 26054?
14
What is the greatest common factor of 39990 and 134850?
930
Calculate the highest common factor of 9352392 and 56.
56
What is the highest common factor of 642688 and 256?
128
Calculate the highest common divisor of 4823 and 104622.
371
What is the highest common divisor of 4829 and 187?
11
Calculate the highest common divisor of 22 and 30586.
2
Calculate the greatest common factor of 300215 and 58805.
3095
Calculate the greatest common factor of 840575 and 25.
25
Calculate the greatest common factor of 9 and 28026.
9
Calculate the greatest common factor of 330 and 534930.
330
What is the highest common factor of 57888 and 84?
12
Calculate the highest common factor of 7026 and 3.
3
What is the highest common divisor of 1624404 and 12?
12
What is the highest common divisor of 2 and 1667?
1
What is the greatest common divisor of 5130 and 1748?
38
What is the highest common divisor of 98595 and 9?
9
What is the greatest common factor of 19055 and 2575?
515
Calculate the greatest common factor of 575 and 625.
25
Calculate the highest common divisor of 3753 and 81837.
27
Calculate the highest common factor of 46700 and 50.
50
Calculate the highest common divisor of 3052884 and 36.
12
What is the highest common factor of 6 and 129522?
6
Calculate the highest common divisor of 9792 and 90.
18
Calculate the greatest common factor of 287 and 236201.
287
Calculate the greatest common factor of 3478 and 296.
74
What is the highest common factor of 48 and 732?
12
What is the greatest common divisor of 5586 and 3458?
266
What is the greatest common divisor of 28375 and 1000?
125
What is the greatest common factor of 1642081 and 119?
119
Calculate the highest common factor of 12429 and 3393.
9
Calculate the highest common divisor of 1594356 and 4.
4
What is the greatest common divisor of 13234536 and 56?
56
What is the highest common divisor of 416 and 200174?
26
Calculate the greatest common divisor of 805796 and 8.
4
Calculate the highest common factor of 5025979 and 343.
343
Calculate the greatest common divisor of 611418 and 6.
6
Calculate the highest common factor of 175 and 10745.
35
What is the highest common divisor of 48559 and 441?
49
Calculate the highest common factor of 120 and 29310.
30
Calculate the greatest common divisor of 800 and 767750.
50
Calculate the highest common factor of 23225 and 200.
25
Calculate the greatest common factor of 32062 and 932586.
1394
Calculate the highest common divisor of 64931 and 203.
29
Calculate the greatest common factor of 126 and 83286.
126
Calculate the highest common divisor of 53115 and 120.
15
What is the highest common factor of 79450 and 46900?
350
What is the greatest common factor of 25344 and 21824?
704
Calculate the greatest common factor of 336 and 70992.
48
Calculate the highest common divisor of 3071 and 962.
37
Calculate the highest common divisor of 9945 and 78.
39
Calculate the greatest common factor of 6696 and 972.
108
Calculate the greatest common factor of 6090 and 5394.
174
What is the greatest common divisor of 3201 and 264?
33
Calculate the greatest common divisor of 2796 and 20772.
12
What is the highest common factor of 19212 and 15?
3
What is the greatest common factor of 18967 and 3172?
13
What is the highest common factor of 8120 and 18480?
280
Calculate the greatest common divisor of 70 and 135464.
14
What is the highest common factor of 5344 and 88?
8
Calculate the greatest common divisor of 110 and 1042085.
55
Calculate the greatest common factor of 28 and 78134.
14
What is the greatest common divisor of 215 and 85355?
215
What is the highest common divisor of 77 and 22748?
11
Calculate the highest common factor of 126 and 910.
14
What is the greatest common factor of 114 and 74?
2
What is the highest common factor of 8083 and 822?
137
What is the highest common factor of 108 and 1812?
12
What is the greatest common divisor of 204 and 43248?
204
Calculate the greatest common factor of 100152 and 1824.
24
Calculate the greatest common divisor of 665873 and 663.
221
Calculate the greatest common factor of 14 and 1326.
2
What is the greatest common divisor of 240 and 324915?
15
Calculate the greatest common factor of 5200 and 37024.
208
What is the greatest common divisor of 1196587 and 12537?
1393
What is the greatest common factor of 7107 and 897?
69
Calculate the highest common factor of 6096 and 1152.
48
Calculate the highest common factor of 1492632 and 36.
36
What is the highest common divisor of 504 and 226872?
72
What is the greatest common divisor of 5772 and 12324?
156
What is the greatest common factor of 36396 and 216?
108
Calculate the highest common factor of 578 and 3434.
34
Calculate the greatest common divisor of 88 and 1001552.
8
What is the greatest common factor of 151090 and 1740?
290
What is the highest common divisor of 109 and 5744300?
109
What is the greatest common factor of 520 and 1480?
40
What is the greatest common divisor of 1079 and 7930?
13
What is the greatest common divisor of 20265 and 315?
105
What is the greatest common divisor of 28313 and 46?
23
What is the greatest common factor of 469829 and 493?
493
Calculate the highest common factor of 118719 and 18.
9
Calculate the greatest common factor of 73010 and 10.
10
Calculate the highest common factor of 59730 and 660.
330
Calculate the highest common factor of 2077389 and 1278.
639
Calculate the highest common divisor of 75 and 4707.
3
What is the highest common factor of 1003560 and 240?
120
What is the highest common divisor of 2516 and 6364?
148
Calculate the highest common factor of 1443 and 298662.
39
Calculate the highest common divisor of 242957 and 2288.
143
Calculate the greatest common factor of 1843 and 2869.
19
What is the greatest common divisor of 3 and 481269?
3
What is the highest common factor of 22538 and 54626?
382
Calculate the highest common factor of 28613 and 1469.
13
Calculate the highest common divisor of 807696 and 497.
71
What is the highest common factor of 656 and 200654?
82
What is the highest common divisor of 2269704 and 120?
24
Calculate the highest common divisor of 48672 and 598.
26
Calculate the greatest common factor of 34 and 61591.
17
What is the highest common factor of 1140 and 39672?
228
What is the highest common factor of 233 and 324103?
233
Calculate the greatest common divisor of 2 and 498229.
1
Calculate the greatest common factor of 1270700 and 400.
100
Calculate the highest common factor of 42484 and 5031.
559
What is the greatest common divisor of 60165 and 1755?
45
What is the highest common divisor of 57974 and 154?
14
Calculate the highest common divisor of 654624 and 6.
6
What is the highest common factor of 26659 and 583?
53
What is the highest common divisor of 782 and 12206?
34
Calculate the highest common factor of 854 and 446642.
854
What is the greatest common factor of 11330 and 7920?
110
What is the greatest common factor of 5505 and 555?
15
Calculate the greatest common factor of 1289568 and 27876.
1212
Calculate the greatest common divisor of 45 and 300135.
15
Calculate the greatest common factor of 136 and 54927.
17
What is the greatest common factor of 1000 and 6975?
25
What is the highest common factor of 25 and 75875?
25
What is the greatest common divisor of 297618 and 48?
6
What is the greatest common factor of 84135 and 426?
213
What is the highest common divisor of 1787